{"id":109,"date":"2025-10-11T16:01:34","date_gmt":"2025-10-11T14:01:34","guid":{"rendered":"http:\/\/www2.cisarperugia.it\/?page_id=109"},"modified":"2026-01-20T19:00:50","modified_gmt":"2026-01-20T18:00:50","slug":"regolamento","status":"publish","type":"page","link":"https:\/\/www.cisarperugia.it\/index.php\/regolamento\/","title":{"rendered":"Regolamento Interno"},"content":{"rendered":"\n<h3 class=\"wp-block-heading\">Il Regolamento Interno \u00e8 parte integrante dello Statuto<\/h3>\n\n\n\n<p>Regolamento interno della Sezione C. I. S. A. R. di PERUGIA <br><strong>Articolo 1<\/strong>. E&#8217; costituita la Sezione di PERUGIA del C.I.S.A.R., Centro Italiano Sperimentazione ed Attivit\u00e0 Radiantistiche.<br>Fatto salvo lo statuto associativo del C.I.S.A.R., gi\u00e0 legalmente costituita e riconosciuta dal Ministero delle comunicazioni, in Italia, la Sezione di PERUGIA decide di introdurre il seguente regolamento di Sezione.<br>A tale Sezione possono aderire i radioamatori in possesso di Patente di Radio operatore e di Autorizzazione generale per l&#8217;impianto e l&#8217;esercizio di Stazione di Radioamatore ed i titolari di Autorizzazione generale per stazione di Radioascolto &#8211; SWL, rilasciate dal Ministero delle comunicazioni.<br>Possono altres\u00ec associarsi le persone di ineccepibile condotta morale e civile che, pur non essendo in possesso di quanto sopra descritto, nutrono interessi in materia di radiotecnica, elettronica e radiocomunicazioni in generale.<br><strong>Articolo 2.  <\/strong> Gli scopi della Sezione di PERUGIA del C.I.S.A.R. sono essenzialmente i medesimi dell&#8217;Associazione C.I.S.A.R. nazionale, come ad esempio:<br>A. Riunire tutti i Radioamatori che si dedicano attivamente alla sperimentazione delle ricetrasmissioni in generale, sulle bande di frequenza assegnate ai Radioamatori in Italia;<br>B. Installare e gestire direttamente ponti radio ripetitori ed il collegamento tra gli stessi in dorsali nazionali, secondo le disposizioni normative correnti;<br>C. Installare e gestire stazioni operanti in Packet Radio, trasmissione a commutazione di pacchetto ed il collegamento tra le stesse in dorsali nazionali, secondo le normative vigenti.<br>D. Collaborare con le Autorit\u00e0 costituite per l&#8217;organizzazione ed il funzionamento dei Servizi Radio di Protezione Civile, con le proprie apparecchiature, di cui ai punti B e C;<br>E. Promuovere ogni attivit\u00e0 di sperimentazione nel campo delle radio-comunicazioni amatoriali;<br><strong>Articolo 3.<\/strong> Per divenire Soci deve essere redatta una domanda di ammissione, indirizzata al Consiglio Direttivo, che verr\u00e0 presentata al Consiglio Direttivo Nazionale del C.I.S.A.R. attraverso la Segreteria della Sezione. Per aderire al sodalizio sar\u00e0 necessario anche versare una quota, annualmente stabilita dal Consiglio Direttivo Nazionale. Avverso all&#8217;ammissione dell&#8217;aspirante Socio \u00e8 ammessa l&#8217;opposizione, scritta e motivata, di ogni Socio effettivo; su tale opposizione, sentito il parere delle parti, decide il Consiglio Direttivo con provvedimento scritto e motivato. La medesima procedura \u00e8 prevista anche nel caso in cui il reclamo venga rivolto nei confronti di colui che \u00e8 gi\u00e0 Socio effettivo.<br>La qualit\u00e0 di Socio si perde per dimissioni, morosit\u00e0 o radiazione per gravi motivi. Le dimissioni vanno presentate alla Sezione per iscritto e, di conseguenza, automaticamente presentate al Consiglio Direttivo Nazionale.<br>La morosit\u00e0 viene dichiarata dalla Sezione di appartenenza o dal Consiglio Direttivo Nazionale e deve essere preceduta da almeno tre inviti scritti a regolarizzare la propria posizione contributiva.<br>La radiazione per indegnit\u00e0 viene sancita dalla Sezione di appartenenza o dal Consiglio Direttivo Nazionale, unitamente ai Probiviri, con provvedimento motivato e scritto.<br><strong>Articolo 4.<\/strong> I Soci in regola con il pagamento della quota sociale, hanno diritto a:<br>A. Prendere parte alle votazioni nazionali dell&#8217;Associazione e a quelle per il rinnovo dei Consigli di Sezione;<br>B. Ricevere la tessera sociale ed il distintivo;<br>C. Ricevere i bollettini dell&#8217;Associazione, direttamente dalla Segreteria di Sezione;<br>D. Usufruire delle facilitazioni eventualmente conseguite dall&#8217;Associazione o dalla Sezione;<br>E. Partecipare con altri Soci alle iniziative sociali organizzate dalla Sezione;<br>F. Partecipare con altri Soci alla sperimentazione nel campo radioelettrico;<br>G. Utilizzare la Sede Sociale, le attrezzature e le apparecchiature in dotazione alla Sezione;<br>H. Proporre iniziative e promuovere proprie sperimentazioni, facendone partecipi la stessa Sezione e l&#8217;Associazione C.I.S.A.R. nazionale.<br><strong>Articolo 5.<\/strong> Le entrate della Sezione C.I.S.A.R. sono costituite unicamente dalla quota sociale ordinaria, che ogni singolo Socio verser\u00e0 direttamente alla Sezione, la quale, a sua volta, verser\u00e0 all&#8217;Associazione C.I.S.A.R. la quota spettante, per regolarizzarne la posizione contributiva. La Sezione, oltre alla quota di Socio ordinario, pu\u00f2 autonomamente prevedere una quota volontaria di Socio Sostenitore di Sezione, che permetter\u00e0 alla Sezione stessa di autofinanziare proprie attivit\u00e0 di sperimentazione.<br><strong>Articolo 6.<\/strong> Il patrimonio della Sezione C.I.S.A.R. \u00e8 costituito unicamente da eventuali donazioni di singoli Radioamatori Soci della Sezione o, in generale, dell&#8217;Associazione C.I.S.A.R.<br>Tutte le donazioni che verranno effettuate alla Sezione C.I.S.A.R. verranno certificate e rese di pubblico dominio a tutti i Soci ed andranno a costituire un fondo di cassa comune e, all&#8217;occorrenza, serviranno per coprire le eventuali spese di manutenzione delle sperimentazioni effettuate. Per ogni singolo campo di sperimentazione verr\u00e0 stabilito un responsabile del settore al quale faranno capo le eventuali elargizioni e che ne disporr\u00e0 secondo le esigenze da lui ritenute pi\u00f9 opportune ed urgenti. A cura dei Consiglieri di Sezione, dovr\u00e0 essere redatto esclusivamente il verbale delle riunioni di Consiglio, sul quale verranno trascritte le riunioni consiliari, e un libro per la registrazione della contabilit\u00e0 ordinaria, dare-avere, ove verranno registrate le spese di segreteria e di gestione dei Soci, sostenute dalla Sezione.<br><strong>Articolo 7.<\/strong> La Sezione C.I.S.A.R. \u00e8 amministrata da un Consiglio Direttivo composto da almeno cinque persone: Presidente, Vice Presidente, Segretario e due Consiglieri. Il Consiglio pu\u00f2 essere allargato fino ad un massimo di otto elementi, a discrezione del Consiglio Direttivo stesso. Il Consiglio si riunisce ogni qualvolta sar\u00e0 necessario, o su espressa richiesta del Presidente o di un singolo Consigliere, e, comunque, almeno una volta l&#8217;anno.<br>Delle riunioni del Consiglio Direttivo della Sezione verr\u00e0 redatto un verbale, sottoscritto dai partecipanti, che rimarr\u00e0 a disposizione del Consiglio Direttivo Nazionale e di ogni singolo Socio della Sezione, che ne potr\u00e0 richiederne copia per iscritto. La Sezione dovr\u00e0 eleggere tra i propri Soci un Consiglio Sindacale, con a capo un Sindaco e due Probiviri, che si occuperanno delle eventuali controversie sociali. Le elezioni per le cariche sopra menzionate dovranno avvenire ogni tre anni, e comunque allo scadere del periodo di carica dei Consigli Nazionali.<br><strong>Articolo 8.<\/strong> Le elezioni del CD e CS della Sezione sono indette dal Consiglio Direttivo, il quale stabilir\u00e0 la data entro i termini previsti, occupandosi di tutta l\u2019organizzazione. Potranno essere eletti i Soci iscritti alla Sezione da almeno due anni consecutivi e in regola con i versamenti delle quote sociali.<br><strong>Articolo 9<\/strong>. La sede pro tempore della Sezione C.I.S.A.R. di PERUGIA viene fissata in Via Della Madonna Alta presso l\u2019Istituto Scolastico IPC Pascal di Perugia. La Segreteria della Sezione potr\u00e0 essere ubicata presso la residenza del Segretario, o di un Consigliere, cui dovr\u00e0 essere spedita tutta la corrispondenza in partenza dalla Segreteria nazionale. In luogo della corrispondenza tradizionale, potr\u00e0 essere indicato un indirizzo telematico internet.<br><strong>Articolo 10.<\/strong> Per quanto non previsto nel presente Regolamento Interno della Sezione C.I.S.A.R., valgono le norme statutarie dell&#8217;Associazione C.I.S.A.R., nonch\u00e9 quelle dettate dal Codice Civile.<\/p>\n\n\n\n<p class=\"has-text-align-right\">\u00a9 <em>Riproduzione vietata<\/em><\/p>\n","protected":false},"excerpt":{"rendered":"<p>Il Regolamento Interno \u00e8 parte integrante dello Statuto Regolamento interno della Sezione C. I. S. A. R. di PERUGIA Articolo 1. E&#8217; costituita la Sezione di PERUGIA del C.I.S.A.R., Centro Italiano Sperimentazione ed Attivit\u00e0 Radiantistiche.Fatto salvo lo statuto associativo del C.I.S.A.R., gi\u00e0 legalmente costituita e riconosciuta dal Ministero delle comunicazioni, in Italia, la Sezione di [&hellip;]<\/p>\n","protected":false},"author":2,"featured_media":0,"parent":0,"menu_order":0,"comment_status":"closed","ping_status":"closed","template":"","meta":{"footnotes":""},"class_list":["post-109","page","type-page","status-publish","hentry"],"_links":{"self":[{"href":"https:\/\/www.cisarperugia.it\/index.php\/wp-json\/wp\/v2\/pages\/109","targetHints":{"allow":["GET"]}}],"collection":[{"href":"https:\/\/www.cisarperugia.it\/index.php\/wp-json\/wp\/v2\/pages"}],"about":[{"href":"https:\/\/www.cisarperugia.it\/index.php\/wp-json\/wp\/v2\/types\/page"}],"author":[{"embeddable":true,"href":"https:\/\/www.cisarperugia.it\/index.php\/wp-json\/wp\/v2\/users\/2"}],"replies":[{"embeddable":true,"href":"https:\/\/www.cisarperugia.it\/index.php\/wp-json\/wp\/v2\/comments?post=109"}],"version-history":[{"count":11,"href":"https:\/\/www.cisarperugia.it\/index.php\/wp-json\/wp\/v2\/pages\/109\/revisions"}],"predecessor-version":[{"id":1216,"href":"https:\/\/www.cisarperugia.it\/index.php\/wp-json\/wp\/v2\/pages\/109\/revisions\/1216"}],"wp:attachment":[{"href":"https:\/\/www.cisarperugia.it\/index.php\/wp-json\/wp\/v2\/media?parent=109"}],"curies":[{"name":"wp","href":"https:\/\/api.w.org\/{rel}","templated":true}]}}